{"id":10,"date":"2014-08-19T11:57:17","date_gmt":"2014-08-19T09:57:17","guid":{"rendered":"http:\/\/oblati.benediktini.sk\/?page_id=10"},"modified":"2026-01-13T15:29:58","modified_gmt":"2026-01-13T13:29:58","slug":"oblati","status":"publish","type":"page","link":"https:\/\/oblati.benediktini.sk\/?page_id=10","title":{"rendered":"Obl\u00e1ti"},"content":{"rendered":"<p>Mn\u00ed\u0161sky \u017eivot pri\u0165ahoval od svojho po\u010diatku pozornos\u0165 v\u0161etk\u00fdch, sna\u017eiacich sa o Evanjeliov\u00fa dokonalos\u0165. Samotn\u00e1 Regula sv\u00e4t\u00e9ho Benedikta sa stala in\u0161pir\u00e1ciou pre mnoho kres\u0165ansk\u00fdch laikov. T\u00ed, ktor\u00ed maj\u00fa z\u00e1ujem o benedikt\u00ednsku spiritualitu a chceli by sa necha\u0165 vies\u0165 z\u00e1sadami Reguly, no nec\u00edtia v sebe povolanie k mn\u00ed\u0161skemu zasv\u00e4teniu sa m\u00f4\u017eu sta\u0165\u00a0<em>benedikt\u00ednskymi obl\u00e1tmi<\/em>.<\/p>\n<p>Oblat\u00fara je forma \u017eivota, v ktorej \u010dlovek nemen\u00ed svoj stav, av\u0161ak via\u017ee sa s konkr\u00e9tnym benedikt\u00ednskym spolo\u010denstvom v snahe \u017ei\u0165 odkaz sv. Benedikta vo svete. T\u00e1to cesta je pon\u00faknut\u00e1 laikom, rovnako mu\u017eom ako aj \u017een\u00e1m, slobodn\u00fdm aj \u017eij\u00facim v\u00a0man\u017eelstve a\u00a0tie\u017e diec\u00e9znym k\u0148azom.<\/p>\n<p>V\u0161etci z\u00e1ujemcovia o oblat\u00faru sa m\u00f4\u017eu prihl\u00e1si\u0165 u o. Jozefa, prostredn\u00edctvom n\u00e1\u0161ho\u00a0<a href=\"mailto:oblati.osb.sampor@gmail.com\">e-mailu<\/a>, alebo\u00a0in\u00fdm sp\u00f4sobom. Bud\u00facich obl\u00e1tov najprv o\u010dak\u00e1va \u010das form\u00e1cie, po\u010das ktor\u00e9ho bud\u00fa ma\u0165 mo\u017enos\u0165 sa bli\u017e\u0161ie zozn\u00e1mi\u0165 s mn\u00ed\u0161skou spiritualitou. Po skon\u010den\u00ed form\u00e1cie a zlo\u017een\u00ed obl\u00e1tskych pr\u00eds\u013eubov bud\u00fa ma\u0165 mo\u017enos\u0165 pravideln\u00e9ho kontaktu s na\u0161\u00edm spolo\u010denstvom, zvl\u00e1\u0161\u0165 prostredn\u00edctvom duchovn\u00fdch cvi\u010den\u00ed a \u010fal\u0161\u00edch stretnut\u00ed organizovan\u00fdch v na\u0161om kl\u00e1\u0161tore.<\/p>\n<p>\u00a0<\/p>\n\n\n<p><\/p>\n","protected":false},"excerpt":{"rendered":"<p>Mn\u00ed\u0161sky \u017eivot pri\u0165ahoval od svojho po\u010diatku pozornos\u0165 v\u0161etk\u00fdch, sna\u017eiacich sa o Evanjeliov\u00fa dokonalos\u0165. Samotn\u00e1 Regula sv\u00e4t\u00e9ho Benedikta sa stala in\u0161pir\u00e1ciou pre mnoho kres\u0165ansk\u00fdch laikov. T\u00ed, ktor\u00ed maj\u00fa z\u00e1ujem o benedikt\u00ednsku spiritualitu a chceli by sa necha\u0165 vies\u0165 z\u00e1sadami Reguly, no nec\u00edtia v sebe povolanie k mn\u00ed\u0161skemu zasv\u00e4teniu sa m\u00f4\u017eu sta\u0165\u00a0benedikt\u00ednskymi obl\u00e1tmi. Oblat\u00fara je forma \u017eivota, [&hellip;]<\/p>\n","protected":false},"author":1,"featured_media":0,"parent":0,"menu_order":0,"comment_status":"closed","ping_status":"open","template":"","meta":{"footnotes":""},"class_list":["post-10","page","type-page","status-publish","hentry"],"_links":{"self":[{"href":"https:\/\/oblati.benediktini.sk\/index.php?rest_route=\/wp\/v2\/pages\/10","targetHints":{"allow":["GET"]}}],"collection":[{"href":"https:\/\/oblati.benediktini.sk\/index.php?rest_route=\/wp\/v2\/pages"}],"about":[{"href":"https:\/\/oblati.benediktini.sk\/index.php?rest_route=\/wp\/v2\/types\/page"}],"author":[{"embeddable":true,"href":"https:\/\/oblati.benediktini.sk\/index.php?rest_route=\/wp\/v2\/users\/1"}],"replies":[{"embeddable":true,"href":"https:\/\/oblati.benediktini.sk\/index.php?rest_route=%2Fwp%2Fv2%2Fcomments&post=10"}],"version-history":[{"count":12,"href":"https:\/\/oblati.benediktini.sk\/index.php?rest_route=\/wp\/v2\/pages\/10\/revisions"}],"predecessor-version":[{"id":1156,"href":"https:\/\/oblati.benediktini.sk\/index.php?rest_route=\/wp\/v2\/pages\/10\/revisions\/1156"}],"wp:attachment":[{"href":"https:\/\/oblati.benediktini.sk\/index.php?rest_route=%2Fwp%2Fv2%2Fmedia&parent=10"}],"curies":[{"name":"wp","href":"https:\/\/api.w.org\/{rel}","templated":true}]}}

Obláti

<p>Mníšsky život priťahoval od svojho počiatku pozornosť všetkých, snažiacich sa o Evanjeliovú dokonalosť. Samotná Regula svätého Benedikta sa stala inšpiráciou pre mnoho kresťanských laikov. Tí, ktorí majú záujem o benediktínsku spiritualitu a chceli by sa nechať viesť zásadami Reguly, no necítia v sebe povolanie k mníšskemu zasväteniu sa môžu stať <em>benediktínskymi oblátmi</em>.</p>
<p>Oblatúra je forma života, v ktorej človek nemení svoj stav, avšak viaže sa s konkrétnym benediktínskym spoločenstvom v snahe žiť odkaz sv. Benedikta vo svete. Táto cesta je ponúknutá laikom, rovnako mužom ako aj ženám, slobodným aj žijúcim v manželstve a tiež diecéznym kňazom.</p>
<p>Všetci záujemcovia o oblatúru sa môžu prihlásiť u o. Jozefa, prostredníctvom nášho <a href="mailto:oblati.osb.sampor@gmail.com">e-mailu</a>, alebo iným spôsobom. Budúcich oblátov najprv očakáva čas formácie, počas ktorého budú mať možnosť sa bližšie zoznámiť s mníšskou spiritualitou. Po skončení formácie a zložení oblátskych prísľubov budú mať možnosť pravidelného kontaktu s naším spoločenstvom, zvlášť prostredníctvom duchovných cvičení a ďalších stretnutí organizovaných v našom kláštore.</p>
<p> </p>


<p></p>

<p>Mníšsky život priťahoval od svojho počiatku pozornosť všetkých, snažiacich sa o Evanjeliovú dokonalosť. Samotná Regula svätého Benedikta sa stala inšpiráciou pre mnoho kresťanských laikov. Tí, ktorí majú záujem o benediktínsku spiritualitu a chceli by sa nechať viesť zásadami Reguly, no necítia v sebe povolanie k mníšskemu zasväteniu sa môžu stať benediktínskymi oblátmi. Oblatúra je forma života, [&hellip;]</p>
